{"id":2,"date":"2020-09-01T08:05:20","date_gmt":"2020-09-01T08:05:20","guid":{"rendered":"https:\/\/themes.muffingroup.com\/be\/itservice4\/?page_id=2"},"modified":"2026-02-25T07:03:41","modified_gmt":"2026-02-25T07:03:41","slug":"home","status":"publish","type":"page","link":"https:\/\/prigo.mx\/prigo-wip\/home\/","title":{"rendered":"Nosotros"},"content":{"rendered":"<p>[vc_row full_width=\u00bbstretch_row\u00bb css=\u00bb.vc_custom_1668465398707{padding-top: 250px !important;background-image: url(https:\/\/prigo.mx\/wp-content\/uploads\/2022\/11\/img-header-principal-hd-V1.png?id=256) !important;background-position: center !important;background-repeat: no-repeat !important;background-size: cover !important;}\u00bb el_id=\u00bbcontenido-desktop\u00bb][vc_column][\/vc_column][\/vc_row][vc_row full_width=\u00bbstretch_row\u00bb equal_height=\u00bbyes\u00bb el_id=\u00bbcontenido-mobile\u00bb css=\u00bb.vc_custom_1668463771772{margin-top: 0px !important;background-color: #000000 !important;}\u00bb][vc_column css=\u00bb.vc_custom_1668463777926{margin-top: 0px !important;}\u00bb][\/vc_column][\/vc_row][vc_row full_width=\u00bbstretch_row\u00bb bg_type=\u00bbimage\u00bb parallax_style=\u00bbvcpb-default\u00bb bg_image_new=\u00bbid^415|url^https:\/\/prigo.mx\/wp-content\/uploads\/2022\/11\/img-fomdo-home.jpg|caption^null|alt^null|title^img-fomdo-home|description^null\u00bb css=\u00bb.vc_custom_1669852042831{margin-bottom: -25px !important;padding-top: 50px !important;background-position: 0 0 !important;background-repeat: no-repeat !important;}\u00bb el_id=\u00bbcontenido-desktop\u00bb el_class=\u00bbblanco\u00bb][vc_column][vc_row_inner][vc_column_inner width=\u00bb1\/2&#8243;][vc_empty_space height=\u00bb0px\u00bb][vc_single_image image=\u00bb190&#8243; img_size=\u00bbmedium\u00bb alignment=\u00bbright\u00bb css=\u00bb.vc_custom_1669946193437{margin-left: -200px !important;padding-top: 12px !important;padding-right: 10px !important;background-color: #c71f29 !important;}\u00bb el_id=\u00bbpleca\u00bb el_class=\u00bbaltura\u00bb][vc_column_text]Somos una empresa l\u00edder en la comercializaci\u00f3n de acero con una aleaci\u00f3n especial de 12\/14% de manganeso (Mn), reconocido por su excepcional resistencia al desgaste y alta tenacidad. Para garantizar un suministro constante, mantenemos un amplio stock de placa y barra durante todo el a\u00f1o. Adicionalmente, ofrecemos una selecta gama de aceros especializados para aplicaciones de alta temperatura y alta abrasi\u00f3n, brindando soluciones integrales para los entornos m\u00e1s exigentes. Y, por supuesto, contamos con una divisi\u00f3n de fabricaciones expertas. Nuestro equipo altamente capacitado y nuestras instalaciones nos permiten llevar a cabo proyectos a medida, adapt\u00e1ndonos a las necesidades espec\u00edficas de cada cliente. Desde componentes industriales robustos, granalladoras y molinos, hasta canastillas, tubos radiantes, etc.<\/p>\n<p style=\"text-align: center;\">Transformamos el acero en soluciones confiables y de alto rendimiento, siempre con la disponibilidad y especializaci\u00f3n que tu proyecto necesita.<\/p>\n<p>[\/vc_column_text][vc_raw_html]JTNDZGl2JTIwc3R5bGUlM0QlMjJwYWRkaW5nJTNBNDBweCUyMDIwcHglM0IlMjBtYXgtd2lkdGglM0E5MDBweCUzQiUyMG1hcmdpbiUzQWF1dG8lM0IlMjIlM0UlMEElMjAlMjAlM0NoMiUyMHN0eWxlJTNEJTIydGV4dC1hbGlnbiUzQWNlbnRlciUzQiUyMG1hcmdpbi1ib3R0b20lM0EzMHB4JTNCJTIwY29sb3IlM0ElMjB3aGl0ZSUzQiUyMiUzRVF1JUMzJUE5JTIwbm9zJTIwZGlzdGluZ3VlJTNDJTJGaDIlM0UlMEElMEElMjAlMjAlM0NkaXYlMjBjbGFzcyUzRCUyMmFjY29yZGlvbiUyMiUzRSUwQSUyMCUyMCUyMCUyMCUzQ2RpdiUyMGNsYXNzJTNEJTIyYWNjb3JkaW9uLWl0ZW0lMjIlM0UlMEElMjAlMjAlMjAlMjAlMjAlMjAlM0NidXR0b24lMjBjbGFzcyUzRCUyMmFjY29yZGlvbi1oZWFkZXIlMjIlM0VFbnRyZWdhJTIwaW5tZWRpYXRhJTNDJTJGYnV0dG9uJTNFJTBBJTIwJTIwJTIwJTIwJTIwJTIwJTNDZGl2JTIwY2xhc3MlM0QlMjJhY2NvcmRpb24tY29udGVudCUyMiUzRSUwQSUyMCUyMCUyMCUyMCUyMCUyMCUyMCUyMCUzQ3AlM0VFbnRyZWdhbW9zJTIwaW5tZWRpYXRhbWVudGUlMjB0b2RvJTIwZWwlMjBhJUMzJUIxbyUyMGdyYWNpYXMlMjBhJTIwbnVlc3RybyUyMHN0b2NrJTIwZGlzcG9uaWJsZSUyMHklMjBsb2clQzMlQURzdGljYSUyMG9wdGltaXphZGEuJTNDJTJGcCUzRSUwQSUyMCUyMCUyMCUyMCUyMCUyMCUzQyUyRmRpdiUzRSUwQSUyMCUyMCUyMCUyMCUzQyUyRmRpdiUzRSUwQSUwQSUyMCUyMCUyMCUyMCUzQ2RpdiUyMGNsYXNzJTNEJTIyYWNjb3JkaW9uLWl0ZW0lMjIlM0UlMEElMjAlMjAlMjAlMjAlMjAlMjAlM0NidXR0b24lMjBjbGFzcyUzRCUyMmFjY29yZGlvbi1oZWFkZXIlMjIlM0VDYWxpZGFkJTIwZ2FyYW50aXphZGElM0MlMkZidXR0b24lM0UlMEElMjAlMjAlMjAlMjAlMjAlMjAlM0NkaXYlMjBjbGFzcyUzRCUyMmFjY29yZGlvbi1jb250ZW50JTIyJTNFJTBBJTIwJTIwJTIwJTIwJTIwJTIwJTIwJTIwJTNDcCUzRU51ZXN0cm9zJTIwcHJvZHVjdG9zJTIwY3VtcGxlbiUyMGNvbiUyMGxvcyUyMG0lQzMlQTFzJTIwYWx0b3MlMjBlc3QlQzMlQTFuZGFyZXMlMjBkZSUyMGNhbGlkYWQlMjB5JTIwZHVyYWJpbGlkYWQuJTNDJTJGcCUzRSUwQSUyMCUyMCUyMCUyMCUyMCUyMCUzQyUyRmRpdiUzRSUwQSUyMCUyMCUyMCUyMCUzQyUyRmRpdiUzRSUwQSUwQSUyMCUyMCUyMCUyMCUzQ2RpdiUyMGNsYXNzJTNEJTIyYWNjb3JkaW9uLWl0ZW0lMjIlM0UlMEElMjAlMjAlMjAlMjAlMjAlMjAlM0NidXR0b24lMjBjbGFzcyUzRCUyMmFjY29yZGlvbi1oZWFkZXIlMjIlM0VBdGVuY2klQzMlQjNuJTIwcGVyc29uYWxpemFkYSUzQyUyRmJ1dHRvbiUzRSUwQSUyMCUyMCUyMCUyMCUyMCUyMCUzQ2RpdiUyMGNsYXNzJTNEJTIyYWNjb3JkaW9uLWNvbnRlbnQlMjIlM0UlMEElMjAlMjAlMjAlMjAlMjAlMjAlMjAlMjAlM0NwJTNFT2ZyZWNlbW9zJTIwYXNlc29yJUMzJUFEYSUyMHklMjBhY29tcGElQzMlQjFhbWllbnRvJTIwZW4lMjBjYWRhJTIwZXRhcGElMjBkZSUyMHR1JTIwcHJveWVjdG8uJTNDJTJGcCUzRSUwQSUyMCUyMCUyMCUyMCUyMCUyMCUzQyUyRmRpdiUzRSUwQSUyMCUyMCUyMCUyMCUzQyUyRmRpdiUzRSUwQSUyMCUyMCUzQyUyRmRpdiUzRSUwQSUzQyUyRmRpdiUzRSUwQSUwQSUzQ3N0eWxlJTNFJTBBLmFjY29yZGlvbiUyMCU3QiUyMG1heC13aWR0aCUzQSUyMDgwMHB4JTNCJTIwbWFyZ2luJTNBJTIwYXV0byUzQiUyMCU3RCUwQS5hY2NvcmRpb24taGVhZGVyJTIwJTdCJTBBJTIwJTIwYmFja2dyb3VuZCUzQSUyMCUyM2ZmZmZmZiUwQSUyMCUyMGNvbG9yJTNBJTIwd2hpdGUlM0IlMEElMjAlMjBwYWRkaW5nJTNBJTIwMTVweCUzQiUwQSUyMCUyMHdpZHRoJTNBJTIwMTAwJTI1JTNCJTBBJTIwJTIwYm9yZGVyJTNBJTIwbm9uZSUzQiUwQSUyMCUyMHRleHQtYWxpZ24lM0ElMjBsZWZ0JTNCJTBBJTIwJTIwY3Vyc29yJTNBJTIwcG9pbnRlciUzQiUwQSUyMCUyMGZvbnQtc2l6ZSUzQSUyMDE4cHglM0IlMEElMjAlMjBib3JkZXItcmFkaXVzJTNBJTIwNnB4JTNCJTBBJTIwJTIwbWFyZ2luLWJvdHRvbSUzQSUyMDVweCUzQiUwQSUyMCUyMHRyYW5zaXRpb24lM0ElMjBiYWNrZ3JvdW5kJTIwMC4zcyUzQiUwQSU3RCUwQS5hY2NvcmRpb24taGVhZGVyJTNBaG92ZXIlMjAlN0IlMEElMjAlMjBiYWNrZ3JvdW5kJTNBJTIwJTIzMDAwMDAwJTBBJTdEJTBBLmFjY29yZGlvbi1jb250ZW50JTIwJTdCJTBBJTIwJTIwZGlzcGxheSUzQSUyMG5vbmUlM0IlMEElMjAlMjBwYWRkaW5nJTNBJTIwMTVweCUzQiUwQSUyMCUyMGJhY2tncm91bmQlM0ElMjAlMjMwMDAwMDAlMEElMjAlMjBib3JkZXItcmFkaXVzJTNBJTIwMCUyMDAlMjA2cHglMjA2cHglM0IlMEElMjAlMjBtYXJnaW4tYm90dG9tJTNBJTIwMTBweCUzQiUwQSU3RCUwQSUzQyUyRnN0eWxlJTNFJTBBJTBBJTNDc2NyaXB0JTNFJTBBZG9jdW1lbnQucXVlcnlTZWxlY3RvckFsbCUyOCUyMi5hY2NvcmRpb24taGVhZGVyJTIyJTI5LmZvckVhY2glMjhidXR0b24lMjAlM0QlM0UlMjAlN0IlMEElMjAlMjBidXR0b24uYWRkRXZlbnRMaXN0ZW5lciUyOCUyMmNsaWNrJTIyJTJDJTIwJTI4JTI5JTIwJTNEJTNFJTIwJTdCJTBBJTIwJTIwJTIwJTIwY29uc3QlMjBjb250ZW50JTIwJTNEJTIwYnV0dG9uLm5leHRFbGVtZW50U2libGluZyUzQiUwQSUyMCUyMCUyMCUyMCUwQSUyMCUyMCUyMCUyMCUyRiUyRiUyMENpZXJyYSUyMGxvcyUyMGRlbSVDMyVBMXMlMjBhcGFydGFkb3MlMjBhbnRlcyUyMGRlJTIwYWJyaXIlMjBlbCUyMHNlbGVjY2lvbmFkbyUwQSUyMCUyMCUyMCUyMGRvY3VtZW50LnF1ZXJ5U2VsZWN0b3JBbGwlMjglMjIuYWNjb3JkaW9uLWNvbnRlbnQlMjIlMjkuZm9yRWFjaCUyOGMlMjAlM0QlM0UlMjAlN0IlMEElMjAlMjAlMjAlMjAlMjAlMjBpZiUyOGMlMjAlMjElM0QlM0QlMjBjb250ZW50JTI5JTIwYy5zdHlsZS5kaXNwbGF5JTIwJTNEJTIwJTIybm9uZSUyMiUzQiUwQSUyMCUyMCUyMCUyMCU3RCUyOSUzQiUwQSUwQSUyMCUyMCUyMCUyMCUyRiUyRiUyMEFsdGVybmElMjBlbCUyMHNlbGVjY2lvbmFkbyUwQSUyMCUyMCUyMCUyMGNvbnRlbnQuc3R5bGUuZGlzcGxheSUyMCUzRCUyMGNvbnRlbnQuc3R5bGUuZGlzcGxheSUyMCUzRCUzRCUzRCUyMCUyMmJsb2NrJTIyJTIwJTNGJTIwJTIybm9uZSUyMiUyMCUzQSUyMCUyMmJsb2NrJTIyJTNCJTBBJTIwJTIwJTdEJTI5JTNCJTBBJTdEJTI5JTNCJTBBJTNDJTJGc2NyaXB0JTNFJTBB[\/vc_raw_html][\/vc_column_inner][vc_column_inner width=\u00bb1\/2&#8243;][\/vc_column_inner][\/vc_row_inner][\/vc_column][\/vc_row][vc_row][vc_column][vc_raw_html]JTNDZGl2JTIwc3R5bGUlM0QlMjJiYWNrZ3JvdW5kLWNvbG9yJTNBJTIwdHJhbnNwYXJlbnQlMjAlMjFpbXBvcnRhbnQlM0IlMjBib3JkZXIlM0ElMjBub25lJTIwJTIxaW1wb3J0YW50JTNCJTIwYm94LXNoYWRvdyUzQSUyMG5vbmUlMjAlMjFpbXBvcnRhbnQlM0IlMjBwYWRkaW5nJTNBJTIwMCUyMCUyMWltcG9ydGFudCUzQiUyMG1hcmdpbiUzQSUyMDAlMjAlMjFpbXBvcnRhbnQlM0IlMjBoZWlnaHQlM0ElMjAwJTNCJTIwY2xlYXIlM0ElMjBib3RoJTNCJTIyJTNFJTNDJTJGZGl2JTNFJTBBJTBBJTNDc3R5bGUlM0UlMEElMkYlMkElMjBFc3RlJTIwYyVDMyVCM2RpZ28lMjBidXNjYSUyMGVsJTIwY29udGVuZWRvciUyMGRlJTIwQXN0cmElMjB5JTIwbG8lMjBmdWVyemElMjBhJTIwc2VyJTIwdHJhbnNwYXJlbnRlJTIwJTJBJTJGJTBBLnNpdGUtY29udGVudCUyQyUyMC5lbnRyeS1jb250ZW50JTJDJTIwLmFzdC1jb250YWluZXIlMjAlN0IlMEElMjAlMjAlMjAlMjBiYWNrZ3JvdW5kLWNvbG9yJTNBJTIwdHJhbnNwYXJlbnQlMjAlMjFpbXBvcnRhbnQlM0IlMEElN0QlMEElMEElMkYlMkElMjBFbGltaW5hJTIwc29tYnJhcyUyMG8lMjBib3JkZXMlMjBibGFuY29zJTIwcXVlJTIwc3VlbGVuJTIwcXVlZGFyJTIwJTJBJTJGJTBBLnNpdGUtbWFpbiUyQyUyMC5hcnRpY2xlLWlubmVyJTIwJTdCJTBBJTIwJTIwJTIwJTIwYmFja2dyb3VuZCUzQSUyMG5vbmUlMjAlMjFpbXBvcnRhbnQlM0IlMEElMjAlMjAlMjAlMjBib3JkZXIlM0ElMjBub25lJTIwJTIxaW1wb3J0YW50JTNCJTBBJTIwJTIwJTIwJTIwYm94LXNoYWRvdyUzQSUyMG5vbmUlMjAlMjFpbXBvcnRhbnQlM0IlMEElN0QlMEElM0MlMkZzdHlsZSUzRQ==[\/vc_raw_html][\/vc_column][\/vc_row]<\/p>\n","protected":false},"excerpt":{"rendered":"<p>[vc_row full_width=\u00bbstretch_row\u00bb css=\u00bb.vc_custom_1668465398707{padding-top: 250px !important;background-image: url(https:\/\/prigo.mx\/wp-content\/uploads\/2022\/11\/img-header-principal-hd-V1.png?id=256) !important;background-position: center !important;background-repeat: no-repeat !important;background-size: cover !important;}\u00bb el_id=\u00bbcontenido-desktop\u00bb][vc_column][\/vc_column][\/vc_row][vc_row full_width=\u00bbstretch_row\u00bb equal_height=\u00bbyes\u00bb el_id=\u00bbcontenido-mobile\u00bb css=\u00bb.vc_custom_1668463771772{margin-top: 0px !important;background-color: #000000 !important;}\u00bb][vc_column css=\u00bb.vc_custom_1668463777926{margin-top: 0px !important;}\u00bb][\/vc_column][\/vc_row][vc_row full_width=\u00bbstretch_row\u00bb bg_type=\u00bbimage\u00bb parallax_style=\u00bbvcpb-default\u00bb bg_image_new=\u00bbid^415|url^https:\/\/prigo.mx\/wp-content\/uploads\/2022\/11\/img-fomdo-home.jpg|caption^null|alt^null|title^img-fomdo-home|description^null\u00bb css=\u00bb.vc_custom_1669852042831{margin-bottom: -25px !important;padding-top: 50px !important;background-position: 0 0 !important;background-repeat: no-repeat !important;}\u00bb el_id=\u00bbcontenido-desktop\u00bb el_class=\u00bbblanco\u00bb][vc_column][vc_row_inner][vc_column_inner width=\u00bb1\/2&#8243;][vc_empty_space height=\u00bb0px\u00bb][vc_single_image image=\u00bb190&#8243; img_size=\u00bbmedium\u00bb alignment=\u00bbright\u00bb css=\u00bb.vc_custom_1669946193437{margin-left: -200px !important;padding-top: 12px !important;padding-right: 10px !important;background-color: #c71f29 !important;}\u00bb [&hellip;]<\/p>\n","protected":false},"author":2,"featured_media":0,"parent":0,"menu_order":0,"comment_status":"closed","ping_status":"open","template":"","meta":{"_uag_custom_page_level_css":"","site-sidebar-layout":"default","site-content-layout":"","ast-site-content-layout":"full-width-container","site-content-style":"default","site-sidebar-style":"default","ast-global-header-display":"","ast-banner-title-visibility":"","ast-main-header-display":"","ast-hfb-above-header-display":"","ast-hfb-below-header-display":"","ast-hfb-mobile-header-display":"","site-post-title":"disabled","ast-breadcrumbs-content":"","ast-featured-img":"","footer-sml-layout":"","ast-disable-related-posts":"","theme-transparent-header-meta":"default","adv-header-id-meta":"","stick-header-meta":"","header-above-stick-meta":"","header-main-stick-meta":"","header-below-stick-meta":"","astra-migrate-meta-layouts":"set","ast-page-background-enabled":"default","ast-page-background-meta":{"desktop":{"background-color":"","background-image":"","background-repeat":"repeat","background-position":"center center","background-size":"auto","background-attachment":"scroll","background-type":"","background-media":"","overlay-type":"","overlay-color":"","overlay-opacity":"","overlay-gradient":""},"tablet":{"background-color":"","background-image":"","background-repeat":"repeat","background-position":"center center","background-size":"auto","background-attachment":"scroll","background-type":"","background-media":"","overlay-type":"","overlay-color":"","overlay-opacity":"","overlay-gradient":""},"mobile":{"background-color":"","background-image":"","background-repeat":"repeat","background-position":"center center","background-size":"auto","background-attachment":"scroll","background-type":"","background-media":"","overlay-type":"","overlay-color":"","overlay-opacity":"","overlay-gradient":""}},"ast-content-background-meta":{"desktop":{"background-color":"var(--ast-global-color-5)","background-image":"","background-repeat":"repeat","background-position":"center center","background-size":"auto","background-attachment":"scroll","background-type":"","background-media":"","overlay-type":"","overlay-color":"","overlay-opacity":"","overlay-gradient":""},"tablet":{"background-color":"var(--ast-global-color-5)","background-image":"","background-repeat":"repeat","background-position":"center center","background-size":"auto","background-attachment":"scroll","background-type":"","background-media":"","overlay-type":"","overlay-color":"","overlay-opacity":"","overlay-gradient":""},"mobile":{"background-color":"var(--ast-global-color-5)","background-image":"","background-repeat":"repeat","background-position":"center center","background-size":"auto","background-attachment":"scroll","background-type":"","background-media":"","overlay-type":"","overlay-color":"","overlay-opacity":"","overlay-gradient":""}},"_joinchat":[],"footnotes":""},"class_list":["post-2","page","type-page","status-publish","hentry"],"yoast_head":"<!-- This site is optimized with the Yoast SEO plugin v27.3 - https:\/\/yoast.com\/product\/yoast-seo-wordpress\/ -->\n<title>PRIGO | Placas de Acero al Manganeso y Alta Abrasi\u00f3n en Quer\u00e9taro, M\u00e9xico<\/title>\n<meta name=\"description\" content=\"Empresa l\u00edder en acero al manganeso 12\/14% y aceros especiales para alta temperatura y abrasi\u00f3n. Stock permanente, fabricaci\u00f3n a medida y env\u00edo en todo M\u00e9xico.\" \/>\n<meta name=\"robots\" content=\"index, follow, max-snippet:-1, max-image-preview:large, max-video-preview:-1\" \/>\n<link rel=\"canonical\" href=\"https:\/\/prigo.mx\/prigo-wip\/home\/\" \/>\n<meta property=\"og:locale\" content=\"es_ES\" \/>\n<meta property=\"og:type\" content=\"article\" \/>\n<meta property=\"og:title\" content=\"PRIGO | Placas de Acero al Manganeso y Alta Abrasi\u00f3n en Quer\u00e9taro, M\u00e9xico\" \/>\n<meta property=\"og:description\" content=\"Empresa l\u00edder en acero al manganeso 12\/14% y aceros especiales para alta temperatura y abrasi\u00f3n. Stock permanente, fabricaci\u00f3n a medida y env\u00edo en todo M\u00e9xico.\" \/>\n<meta property=\"og:url\" content=\"https:\/\/prigo.mx\/prigo-wip\/home\/\" \/>\n<meta property=\"og:site_name\" content=\"PRIGO ACEROS ESPECIALES S.A. de C.V.\" \/>\n<meta property=\"article:publisher\" content=\"https:\/\/www.facebook.com\/share\/1Ag2aeUQAx\/\" \/>\n<meta property=\"article:modified_time\" content=\"2026-02-25T07:03:41+00:00\" \/>\n<meta name=\"twitter:card\" content=\"summary_large_image\" \/>\n<meta name=\"twitter:label1\" content=\"Tiempo de lectura\" \/>\n\t<meta name=\"twitter:data1\" content=\"1 minuto\" \/>\n<script type=\"application\/ld+json\" class=\"yoast-schema-graph\">{\"@context\":\"https:\\\/\\\/schema.org\",\"@graph\":[{\"@type\":\"WebPage\",\"@id\":\"https:\\\/\\\/prigo.mx\\\/prigo-wip\\\/home\\\/\",\"url\":\"https:\\\/\\\/prigo.mx\\\/prigo-wip\\\/home\\\/\",\"name\":\"PRIGO | Placas de Acero al Manganeso y Alta Abrasi\u00f3n en Quer\u00e9taro, M\u00e9xico\",\"isPartOf\":{\"@id\":\"https:\\\/\\\/prigo.mx\\\/prigo-wip\\\/#website\"},\"datePublished\":\"2020-09-01T08:05:20+00:00\",\"dateModified\":\"2026-02-25T07:03:41+00:00\",\"description\":\"Empresa l\u00edder en acero al manganeso 12\\\/14% y aceros especiales para alta temperatura y abrasi\u00f3n. Stock permanente, fabricaci\u00f3n a medida y env\u00edo en todo M\u00e9xico.\",\"breadcrumb\":{\"@id\":\"https:\\\/\\\/prigo.mx\\\/prigo-wip\\\/home\\\/#breadcrumb\"},\"inLanguage\":\"es\",\"potentialAction\":[{\"@type\":\"ReadAction\",\"target\":[\"https:\\\/\\\/prigo.mx\\\/prigo-wip\\\/home\\\/\"]}]},{\"@type\":\"BreadcrumbList\",\"@id\":\"https:\\\/\\\/prigo.mx\\\/prigo-wip\\\/home\\\/#breadcrumb\",\"itemListElement\":[{\"@type\":\"ListItem\",\"position\":1,\"name\":\"Portada\",\"item\":\"https:\\\/\\\/prigo.mx\\\/prigo-wip\\\/\"},{\"@type\":\"ListItem\",\"position\":2,\"name\":\"Nosotros\"}]},{\"@type\":\"WebSite\",\"@id\":\"https:\\\/\\\/prigo.mx\\\/prigo-wip\\\/#website\",\"url\":\"https:\\\/\\\/prigo.mx\\\/prigo-wip\\\/\",\"name\":\"prigo.mx\",\"description\":\"Soluciones f\u00e1ciles para aplicaciones dif\u00edciles\",\"publisher\":{\"@id\":\"https:\\\/\\\/prigo.mx\\\/prigo-wip\\\/#organization\"},\"potentialAction\":[{\"@type\":\"SearchAction\",\"target\":{\"@type\":\"EntryPoint\",\"urlTemplate\":\"https:\\\/\\\/prigo.mx\\\/prigo-wip\\\/?s={search_term_string}\"},\"query-input\":{\"@type\":\"PropertyValueSpecification\",\"valueRequired\":true,\"valueName\":\"search_term_string\"}}],\"inLanguage\":\"es\"},{\"@type\":\"Organization\",\"@id\":\"https:\\\/\\\/prigo.mx\\\/prigo-wip\\\/#organization\",\"name\":\"Prigo Aceros Especiales S.A. de C.V.\",\"url\":\"https:\\\/\\\/prigo.mx\\\/prigo-wip\\\/\",\"logo\":{\"@type\":\"ImageObject\",\"inLanguage\":\"es\",\"@id\":\"https:\\\/\\\/prigo.mx\\\/prigo-wip\\\/#\\\/schema\\\/logo\\\/image\\\/\",\"url\":\"https:\\\/\\\/prigo.mx\\\/wp-content\\\/uploads\\\/2023\\\/02\\\/cropped-cropped-LOGO-PRIGO2-1-1-1.png\",\"contentUrl\":\"https:\\\/\\\/prigo.mx\\\/wp-content\\\/uploads\\\/2023\\\/02\\\/cropped-cropped-LOGO-PRIGO2-1-1-1.png\",\"width\":1794,\"height\":1795,\"caption\":\"Prigo Aceros Especiales S.A. de C.V.\"},\"image\":{\"@id\":\"https:\\\/\\\/prigo.mx\\\/prigo-wip\\\/#\\\/schema\\\/logo\\\/image\\\/\"},\"sameAs\":[\"https:\\\/\\\/www.facebook.com\\\/share\\\/1Ag2aeUQAx\\\/\",\"https:\\\/\\\/www.instagram.com\\\/prigoacerosespeciales?igsh=YnFtaGJ2cjRyNjN4\",\"https:\\\/\\\/www.linkedin.com\\\/company\\\/prigo-aceros-de-importacin\\\/?viewAsMember=true\"]}]}<\/script>\n<!-- \/ Yoast SEO plugin. -->","yoast_head_json":{"title":"PRIGO | Placas de Acero al Manganeso y Alta Abrasi\u00f3n en Quer\u00e9taro, M\u00e9xico","description":"Empresa l\u00edder en acero al manganeso 12\/14% y aceros especiales para alta temperatura y abrasi\u00f3n. Stock permanente, fabricaci\u00f3n a medida y env\u00edo en todo M\u00e9xico.","robots":{"index":"index","follow":"follow","max-snippet":"max-snippet:-1","max-image-preview":"max-image-preview:large","max-video-preview":"max-video-preview:-1"},"canonical":"https:\/\/prigo.mx\/prigo-wip\/home\/","og_locale":"es_ES","og_type":"article","og_title":"PRIGO | Placas de Acero al Manganeso y Alta Abrasi\u00f3n en Quer\u00e9taro, M\u00e9xico","og_description":"Empresa l\u00edder en acero al manganeso 12\/14% y aceros especiales para alta temperatura y abrasi\u00f3n. Stock permanente, fabricaci\u00f3n a medida y env\u00edo en todo M\u00e9xico.","og_url":"https:\/\/prigo.mx\/prigo-wip\/home\/","og_site_name":"PRIGO ACEROS ESPECIALES S.A. de C.V.","article_publisher":"https:\/\/www.facebook.com\/share\/1Ag2aeUQAx\/","article_modified_time":"2026-02-25T07:03:41+00:00","twitter_card":"summary_large_image","twitter_misc":{"Tiempo de lectura":"1 minuto"},"schema":{"@context":"https:\/\/schema.org","@graph":[{"@type":"WebPage","@id":"https:\/\/prigo.mx\/prigo-wip\/home\/","url":"https:\/\/prigo.mx\/prigo-wip\/home\/","name":"PRIGO | Placas de Acero al Manganeso y Alta Abrasi\u00f3n en Quer\u00e9taro, M\u00e9xico","isPartOf":{"@id":"https:\/\/prigo.mx\/prigo-wip\/#website"},"datePublished":"2020-09-01T08:05:20+00:00","dateModified":"2026-02-25T07:03:41+00:00","description":"Empresa l\u00edder en acero al manganeso 12\/14% y aceros especiales para alta temperatura y abrasi\u00f3n. Stock permanente, fabricaci\u00f3n a medida y env\u00edo en todo M\u00e9xico.","breadcrumb":{"@id":"https:\/\/prigo.mx\/prigo-wip\/home\/#breadcrumb"},"inLanguage":"es","potentialAction":[{"@type":"ReadAction","target":["https:\/\/prigo.mx\/prigo-wip\/home\/"]}]},{"@type":"BreadcrumbList","@id":"https:\/\/prigo.mx\/prigo-wip\/home\/#breadcrumb","itemListElement":[{"@type":"ListItem","position":1,"name":"Portada","item":"https:\/\/prigo.mx\/prigo-wip\/"},{"@type":"ListItem","position":2,"name":"Nosotros"}]},{"@type":"WebSite","@id":"https:\/\/prigo.mx\/prigo-wip\/#website","url":"https:\/\/prigo.mx\/prigo-wip\/","name":"prigo.mx","description":"Soluciones f\u00e1ciles para aplicaciones dif\u00edciles","publisher":{"@id":"https:\/\/prigo.mx\/prigo-wip\/#organization"},"potentialAction":[{"@type":"SearchAction","target":{"@type":"EntryPoint","urlTemplate":"https:\/\/prigo.mx\/prigo-wip\/?s={search_term_string}"},"query-input":{"@type":"PropertyValueSpecification","valueRequired":true,"valueName":"search_term_string"}}],"inLanguage":"es"},{"@type":"Organization","@id":"https:\/\/prigo.mx\/prigo-wip\/#organization","name":"Prigo Aceros Especiales S.A. de C.V.","url":"https:\/\/prigo.mx\/prigo-wip\/","logo":{"@type":"ImageObject","inLanguage":"es","@id":"https:\/\/prigo.mx\/prigo-wip\/#\/schema\/logo\/image\/","url":"https:\/\/prigo.mx\/wp-content\/uploads\/2023\/02\/cropped-cropped-LOGO-PRIGO2-1-1-1.png","contentUrl":"https:\/\/prigo.mx\/wp-content\/uploads\/2023\/02\/cropped-cropped-LOGO-PRIGO2-1-1-1.png","width":1794,"height":1795,"caption":"Prigo Aceros Especiales S.A. de C.V."},"image":{"@id":"https:\/\/prigo.mx\/prigo-wip\/#\/schema\/logo\/image\/"},"sameAs":["https:\/\/www.facebook.com\/share\/1Ag2aeUQAx\/","https:\/\/www.instagram.com\/prigoacerosespeciales?igsh=YnFtaGJ2cjRyNjN4","https:\/\/www.linkedin.com\/company\/prigo-aceros-de-importacin\/?viewAsMember=true"]}]}},"uagb_featured_image_src":{"full":false,"thumbnail":false,"medium":false,"medium_large":false,"large":false,"1536x1536":false,"2048x2048":false},"uagb_author_info":{"display_name":"Prigo","author_link":"https:\/\/prigo.mx\/prigo-wip\/author\/prigo\/"},"uagb_comment_info":0,"uagb_excerpt":"[vc_row full_width=\u00bbstretch_row\u00bb css=\u00bb.vc_custom_1668465398707{padding-top: 250px !important;background-image: url(https:\/\/prigo.mx\/wp-content\/uploads\/2022\/11\/img-header-principal-hd-V1.png?id=256) !important;background-position: center !important;background-repeat: no-repeat !important;background-size: cover !important;}\u00bb el_id=\u00bbcontenido-desktop\u00bb][vc_column][\/vc_column][\/vc_row][vc_row full_width=\u00bbstretch_row\u00bb equal_height=\u00bbyes\u00bb el_id=\u00bbcontenido-mobile\u00bb css=\u00bb.vc_custom_1668463771772{margin-top: 0px !important;background-color: #000000 !important;}\u00bb][vc_column css=\u00bb.vc_custom_1668463777926{margin-top: 0px !important;}\u00bb][\/vc_column][\/vc_row][vc_row full_width=\u00bbstretch_row\u00bb bg_type=\u00bbimage\u00bb parallax_style=\u00bbvcpb-default\u00bb bg_image_new=\u00bbid^415|url^https:\/\/prigo.mx\/wp-content\/uploads\/2022\/11\/img-fomdo-home.jpg|caption^null|alt^null|title^img-fomdo-home|description^null\u00bb css=\u00bb.vc_custom_1669852042831{margin-bottom: -25px !important;padding-top: 50px !important;background-position: 0 0 !important;background-repeat: no-repeat !important;}\u00bb el_id=\u00bbcontenido-desktop\u00bb el_class=\u00bbblanco\u00bb][vc_column][vc_row_inner][vc_column_inner width=\u00bb1\/2&#8243;][vc_empty_space height=\u00bb0px\u00bb][vc_single_image image=\u00bb190&#8243; img_size=\u00bbmedium\u00bb alignment=\u00bbright\u00bb css=\u00bb.vc_custom_1669946193437{margin-left: -200px !important;padding-top: 12px !important;padding-right: 10px !important;background-color: #c71f29 !important;}\u00bb&hellip;","_links":{"self":[{"href":"https:\/\/prigo.mx\/prigo-wip\/wp-json\/wp\/v2\/pages\/2","targetHints":{"allow":["GET"]}}],"collection":[{"href":"https:\/\/prigo.mx\/prigo-wip\/wp-json\/wp\/v2\/pages"}],"about":[{"href":"https:\/\/prigo.mx\/prigo-wip\/wp-json\/wp\/v2\/types\/page"}],"author":[{"embeddable":true,"href":"https:\/\/prigo.mx\/prigo-wip\/wp-json\/wp\/v2\/users\/2"}],"replies":[{"embeddable":true,"href":"https:\/\/prigo.mx\/prigo-wip\/wp-json\/wp\/v2\/comments?post=2"}],"version-history":[{"count":69,"href":"https:\/\/prigo.mx\/prigo-wip\/wp-json\/wp\/v2\/pages\/2\/revisions"}],"predecessor-version":[{"id":1705,"href":"https:\/\/prigo.mx\/prigo-wip\/wp-json\/wp\/v2\/pages\/2\/revisions\/1705"}],"wp:attachment":[{"href":"https:\/\/prigo.mx\/prigo-wip\/wp-json\/wp\/v2\/media?parent=2"}],"curies":[{"name":"wp","href":"https:\/\/api.w.org\/{rel}","templated":true}]}}