{"id":1795,"date":"2026-03-02T06:24:19","date_gmt":"2026-03-02T06:24:19","guid":{"rendered":"https:\/\/prigo.mx\/prigo-wip\/?page_id=1795"},"modified":"2026-03-02T06:24:20","modified_gmt":"2026-03-02T06:24:20","slug":"acero-al-manganeso-12-14-astm-a128","status":"publish","type":"page","link":"https:\/\/prigo.mx\/prigo-wip\/acero-al-manganeso-12-14-astm-a128\/","title":{"rendered":"Acero al Manganeso 12\/14% | ASTM-A128"},"content":{"rendered":"\n<div style=\"background-color: transparent; width: 100%; box-sizing: border-box; clear: both;\">\n\n    <div style=\"background-color: #000000; color: #ffffff; font-family: Arial, sans-serif; padding: 60px 20px; box-sizing: border-box; width: 100%; margin: 0;\">\n\n        <div style=\"max-width: 1000px; margin: 0 auto 50px auto; text-align: center; box-sizing: border-box;\">\n            <p style=\"color: #FF0000; text-transform: uppercase; letter-spacing: 2px; font-weight: bold; margin-bottom: 10px; font-size: 14px;\">Especificaciones T\u00e9cnicas<\/p>\n            <h1 style=\"color: #ffffff; text-transform: uppercase; font-size: 38px; margin-top: 0; margin-bottom: 10px; line-height: 1.2;\">Acero al Manganeso 12\/14%<\/h1>\n            <h2 style=\"color: #FF0000; font-size: 24px; margin-top: 0; margin-bottom: 30px; letter-spacing: 1px;\">Norma ASTM-A128 (Acero Hadfield)<\/h2>\n            \n            <p style=\"color: #cccccc; font-size: 18px; line-height: 1.6; max-width: 900px; margin: 0 auto 20px auto;\">\n                Descubra el rendimiento superior y la durabilidad extrema de este acero especial, l\u00edder indiscutible en aplicaciones industriales sometidas a condiciones de alto impacto y abrasi\u00f3n severa.\n            <\/p>\n            <p style=\"color: #cccccc; font-size: 16px; line-height: 1.6; max-width: 900px; margin: 0 auto;\">\n                Se distingue por su excepcional capacidad de <strong>endurecimiento por trabajo (work hardening)<\/strong>. Bajo impactos o presi\u00f3n constante, la superficie de este material se endurece r\u00e1pidamente, alcanzando niveles de dureza significativamente superiores a los de su estado inicial, mientras que el n\u00facleo mantiene una tenacidad sobresaliente.\n            <\/p>\n        <\/div>\n\n        \n\n        <div style=\"max-width: 700px; margin: 0 auto 60px auto; box-sizing: border-box;\">\n            <h3 style=\"text-align: center; color: #ffffff; font-size: 24px; text-transform: uppercase; margin-bottom: 30px;\">Composici\u00f3n Qu\u00edmica T\u00edpica<\/h3>\n            \n            \n\n            <table style=\"width: 100%; border-collapse: collapse; text-align: center; font-size: 16px; box-shadow: 0 4px 15px rgba(255,0,0,0.1);\">\n                <thead>\n                    <tr style=\"background-color: #FF0000; color: #ffffff;\">\n                        <th style=\"padding: 15px; border: 1px solid #333; text-transform: uppercase;\">Elemento<\/th>\n                        <th style=\"padding: 15px; border: 1px solid #333; text-transform: uppercase;\">Rango (%)<\/th>\n                    <\/tr>\n                <\/thead>\n                <tbody style=\"color: #cccccc;\">\n                    <tr style=\"background-color: #1a1a1a;\">\n                        <td style=\"padding: 15px; border: 1px solid #333;\">Manganeso (Mn)<\/td>\n                        <td style=\"padding: 15px; border: 1px solid #333; font-weight: bold; color: #ffffff;\">12.0 &#8211; 14.0<\/td>\n                    <\/tr>\n                    <tr style=\"background-color: #111111;\">\n                        <td style=\"padding: 15px; border: 1px solid #333;\">Carbono (C)<\/td>\n                        <td style=\"padding: 15px; border: 1px solid #333;\">1.0 &#8211; 1.4<\/td>\n                    <\/tr>\n                    <tr style=\"background-color: #1a1a1a;\">\n                        <td style=\"padding: 15px; border: 1px solid #333;\">Silicio (Si)<\/td>\n                        <td style=\"padding: 15px; border: 1px solid #333;\">0.30 &#8211; 1.0<\/td>\n                    <\/tr>\n                    <tr style=\"background-color: #111111;\">\n                        <td style=\"padding: 15px; border: 1px solid #333;\">Hierro (Fe)<\/td>\n                        <td style=\"padding: 15px; border: 1px solid #333;\">Balanceado<\/td>\n                    <\/tr>\n                <\/tbody>\n            <\/table>\n        <\/div>\n\n        <div style=\"display: flex; flex-wrap: wrap; gap: 40px; margin-bottom: 80px; max-width: 1200px; margin-left: auto; margin-right: auto; box-sizing: border-box;\">\n            \n            <div style=\"flex: 1 1 400px; background-color: rgba(255,0,0,0.05); padding: 40px; border-radius: 8px; border-top: 4px solid #FF0000; box-sizing: border-box;\">\n                <h3 style=\"color: #ffffff; font-size: 22px; margin-top: 0; margin-bottom: 20px; text-transform: uppercase;\">\ud83d\udce6 Suministro Estrat\u00e9gico<\/h3>\n                <p style=\"color: #cccccc; font-size: 15px; line-height: 1.6; margin-bottom: 15px;\">\n                    En PRIGO Aceros Especiales S.A. de C.V., ofrecemos formatos en diversas dimensiones y espesores, adapt\u00e1ndonos a las necesidades espec\u00edficas de su operaci\u00f3n:\n                <\/p>\n                <ul style=\"color: #FF0000; font-size: 16px; font-weight: bold; line-height: 1.8; padding-left: 20px;\">\n                    <li><span style=\"color: #aaaaaa; font-weight: normal;\">Placas de acero al manganeso<\/span><\/li>\n                    <li><span style=\"color: #aaaaaa; font-weight: normal;\">Barras de acero al manganeso<\/span><\/li>\n                <\/ul>\n            <\/div>\n\n            <div style=\"flex: 1 1 400px; background-color: #1a1a1a; padding: 40px; border-radius: 8px; border-top: 4px solid #FF0000; box-sizing: border-box;\">\n                <h3 style=\"color: #ffffff; font-size: 22px; margin-top: 0; margin-bottom: 20px; text-transform: uppercase;\">\u2699\ufe0f Aplicaciones Cr\u00edticas<\/h3>\n                <p style=\"color: #cccccc; font-size: 15px; line-height: 1.6; margin-bottom: 15px;\">\n                    Optimice la vida \u00fatil de sus componentes en sectores como miner\u00eda, construcci\u00f3n, cemento y reciclaje:\n                <\/p>\n                <ul style=\"color: #aaaaaa; font-size: 15px; line-height: 1.6; padding-left: 20px; margin: 0;\">\n                    <li style=\"margin-bottom: 8px;\">Blindaje para granalladoras y racks.<\/li>\n                    <li style=\"margin-bottom: 8px;\">Recubrimiento de trituradoras.<\/li>\n                    <li style=\"margin-bottom: 8px;\">Soleras de desgaste para transportadores de cadena.<\/li>\n                    <li style=\"margin-bottom: 8px;\">Rejas de presi\u00f3n y cribas.<\/li>\n                <\/ul>\n            <\/div>\n\n        <\/div>\n\n        <div style=\"background-color: #FF0000; color: #ffffff; padding: 40px 20px; border-radius: 8px; text-align: center; max-width: 1200px; margin: 0 auto 60px auto; box-sizing: border-box;\">\n            <h2 style=\"margin-top: 0; margin-bottom: 10px; text-transform: uppercase; font-size: 28px;\">\u00bfNecesita cotizar este material?<\/h2>\n            <p style=\"margin-top: 0; margin-bottom: 25px; font-size: 16px;\">Como su socio estrat\u00e9gico, comprendemos los desaf\u00edos de su maquinaria industrial.<\/p>\n            <div style=\"display: flex; flex-wrap: wrap; gap: 30px; justify-content: center; font-size: 18px; font-weight: bold;\">\n                <span>\ud83d\udcde 442 228 38 64<\/span>\n                <span>\ud83d\udcf1 WA: 442 230 6743<\/span>\n                <span>\u2709\ufe0f ventasprigo1@outlook.com<\/span>\n            <\/div>\n            <p style=\"margin-top: 20px; margin-bottom: 0; font-size: 14px;\">Horario: Lunes a Viernes 8:00 &#8211; 14:00 y 15:00 &#8211; 17:30<\/p>\n        <\/div>\n\n        <div style=\"max-width: 900px; margin: 0 auto; background-color: #111111; padding: 40px; border-radius: 8px; border-left: 4px solid #333333; box-sizing: border-box;\">\n            <h3 style=\"color: #777777; text-transform: uppercase; font-size: 18px; margin-top: 0; margin-bottom: 25px; letter-spacing: 1px;\">Referencias Bibliogr\u00e1ficas &#8211; Acero Hadfield<\/h3>\n            \n            <div style=\"margin-bottom: 15px; padding-left: 15px; border-left: 2px solid #FF0000;\">\n                <p style=\"color: #aaaaaa; font-size: 14px; margin: 0; line-height: 1.5;\">ASTM International. (2014). <em>ASTM A128\/A128M-14: Standard Specification for Steel Castings, Austenitic Manganese<\/em>. West Conshohocken, PA. <a href=\"https:\/\/www.astm.org\/a0128_a0128m-14.html\" target=\"_blank\" style=\"color: #FF0000; text-decoration: none;\">[Ver norma]<\/a><\/p>\n            <\/div>\n            <div style=\"margin-bottom: 15px; padding-left: 15px; border-left: 2px solid #FF0000;\">\n                <p style=\"color: #aaaaaa; font-size: 14px; margin: 0; line-height: 1.5;\">ASM International. (1990). <em>ASM Handbook, Volume 1: Properties and Selection: Irons, Steels, and High-Performance Alloys<\/em>.<\/p>\n            <\/div>\n            <div style=\"margin-bottom: 15px; padding-left: 15px; border-left: 2px solid #FF0000;\">\n                <p style=\"color: #aaaaaa; font-size: 14px; margin: 0; line-height: 1.5;\">Andrade, G. T. de. (2015). <em>Resist\u00eancia \u00e0 abras\u00e3o de a\u00e7o Hadfield para britadores: efeito do tamanho do abrasivo e do pH do meio<\/em> (Tesis de maestr\u00eda). Universidade de S\u00e3o Paulo.<\/p>\n            <\/div>\n            <div style=\"margin-bottom: 15px; padding-left: 15px; border-left: 2px solid #FF0000;\">\n                <p style=\"color: #aaaaaa; font-size: 14px; margin: 0; line-height: 1.5;\">Gousseland, P. (1974). <em>Le mangan\u00e8se dans les aciers: propri\u00e9t\u00e9s et applications<\/em>. Revue de M\u00e9tallurgie, 71(1), 1\u201315.<\/p>\n            <\/div>\n            <div style=\"margin-bottom: 0; padding-left: 15px; border-left: 2px solid #FF0000;\">\n                <p style=\"color: #aaaaaa; font-size: 14px; margin: 0; line-height: 1.5;\">Atabaki, M. M., Yazdani, S., &#038; Shamanian, M. (2012). <em>Effect of abrasive wear on microstructure and mechanical properties of Hadfield steel<\/em>. Materials &#038; Design, 34, 1\u20136.<\/p>\n            <\/div>\n        <\/div>\n\n    <\/div>\n<\/div>\n","protected":false},"excerpt":{"rendered":"<p>Especificaciones T\u00e9cnicas Acero al Manganeso 12\/14% Norma ASTM-A128 (Acero Hadfield) Descubra el rendimiento superior y la durabilidad extrema de este acero especial, l\u00edder indiscutible en aplicaciones industriales sometidas a condiciones de alto impacto y abrasi\u00f3n severa. Se distingue por su excepcional capacidad de endurecimiento por trabajo (work hardening). Bajo impactos o presi\u00f3n constante, la superficie [&hellip;]<\/p>\n","protected":false},"author":2,"featured_media":0,"parent":0,"menu_order":0,"comment_status":"closed","ping_status":"closed","template":"","meta":{"_uag_custom_page_level_css":"","site-sidebar-layout":"default","site-content-layout":"","ast-site-content-layout":"full-width-container","site-content-style":"default","site-sidebar-style":"default","ast-global-header-display":"","ast-banner-title-visibility":"","ast-main-header-display":"","ast-hfb-above-header-display":"","ast-hfb-below-header-display":"","ast-hfb-mobile-header-display":"","site-post-title":"disabled","ast-breadcrumbs-content":"","ast-featured-img":"","footer-sml-layout":"","ast-disable-related-posts":"","theme-transparent-header-meta":"","adv-header-id-meta":"","stick-header-meta":"","header-above-stick-meta":"","header-main-stick-meta":"","header-below-stick-meta":"","astra-migrate-meta-layouts":"set","ast-page-background-enabled":"default","ast-page-background-meta":{"desktop":{"background-color":"","background-image":"","background-repeat":"repeat","background-position":"center center","background-size":"auto","background-attachment":"scroll","background-type":"","background-media":"","overlay-type":"","overlay-color":"","overlay-opacity":"","overlay-gradient":""},"tablet":{"background-color":"","background-image":"","background-repeat":"repeat","background-position":"center center","background-size":"auto","background-attachment":"scroll","background-type":"","background-media":"","overlay-type":"","overlay-color":"","overlay-opacity":"","overlay-gradient":""},"mobile":{"background-color":"","background-image":"","background-repeat":"repeat","background-position":"center center","background-size":"auto","background-attachment":"scroll","background-type":"","background-media":"","overlay-type":"","overlay-color":"","overlay-opacity":"","overlay-gradient":""}},"ast-content-background-meta":{"desktop":{"background-color":"var(--ast-global-color-5)","background-image":"","background-repeat":"repeat","background-position":"center center","background-size":"auto","background-attachment":"scroll","background-type":"","background-media":"","overlay-type":"","overlay-color":"","overlay-opacity":"","overlay-gradient":""},"tablet":{"background-color":"var(--ast-global-color-5)","background-image":"","background-repeat":"repeat","background-position":"center center","background-size":"auto","background-attachment":"scroll","background-type":"","background-media":"","overlay-type":"","overlay-color":"","overlay-opacity":"","overlay-gradient":""},"mobile":{"background-color":"var(--ast-global-color-5)","background-image":"","background-repeat":"repeat","background-position":"center center","background-size":"auto","background-attachment":"scroll","background-type":"","background-media":"","overlay-type":"","overlay-color":"","overlay-opacity":"","overlay-gradient":""}},"_joinchat":[],"footnotes":""},"class_list":["post-1795","page","type-page","status-publish","hentry"],"yoast_head":"<!-- This site is optimized with the Yoast SEO plugin v27.4 - https:\/\/yoast.com\/product\/yoast-seo-wordpress\/ -->\n<title>Acero al Manganeso 12\/14% | ASTM-A128 - PRIGO ACEROS ESPECIALES S.A. de C.V.<\/title>\n<meta name=\"robots\" content=\"index, follow, max-snippet:-1, max-image-preview:large, max-video-preview:-1\" \/>\n<link rel=\"canonical\" href=\"https:\/\/prigo.mx\/prigo-wip\/acero-al-manganeso-12-14-astm-a128\/\" \/>\n<meta property=\"og:locale\" content=\"es_ES\" \/>\n<meta property=\"og:type\" content=\"article\" \/>\n<meta property=\"og:title\" content=\"Acero al Manganeso 12\/14% | ASTM-A128 - PRIGO ACEROS ESPECIALES S.A. de C.V.\" \/>\n<meta property=\"og:description\" content=\"Especificaciones T\u00e9cnicas Acero al Manganeso 12\/14% Norma ASTM-A128 (Acero Hadfield) Descubra el rendimiento superior y la durabilidad extrema de este acero especial, l\u00edder indiscutible en aplicaciones industriales sometidas a condiciones de alto impacto y abrasi\u00f3n severa. Se distingue por su excepcional capacidad de endurecimiento por trabajo (work hardening). Bajo impactos o presi\u00f3n constante, la superficie [&hellip;]\" \/>\n<meta property=\"og:url\" content=\"https:\/\/prigo.mx\/prigo-wip\/acero-al-manganeso-12-14-astm-a128\/\" \/>\n<meta property=\"og:site_name\" content=\"PRIGO ACEROS ESPECIALES S.A. de C.V.\" \/>\n<meta property=\"article:publisher\" content=\"https:\/\/www.facebook.com\/share\/1Ag2aeUQAx\/\" \/>\n<meta property=\"article:modified_time\" content=\"2026-03-02T06:24:20+00:00\" \/>\n<meta name=\"twitter:card\" content=\"summary_large_image\" \/>\n<meta name=\"twitter:label1\" content=\"Tiempo de lectura\" \/>\n\t<meta name=\"twitter:data1\" content=\"2 minutos\" \/>\n<script type=\"application\/ld+json\" class=\"yoast-schema-graph\">{\"@context\":\"https:\\\/\\\/schema.org\",\"@graph\":[{\"@type\":\"WebPage\",\"@id\":\"https:\\\/\\\/prigo.mx\\\/prigo-wip\\\/acero-al-manganeso-12-14-astm-a128\\\/\",\"url\":\"https:\\\/\\\/prigo.mx\\\/prigo-wip\\\/acero-al-manganeso-12-14-astm-a128\\\/\",\"name\":\"Acero al Manganeso 12\\\/14% | ASTM-A128 - PRIGO ACEROS ESPECIALES S.A. de C.V.\",\"isPartOf\":{\"@id\":\"https:\\\/\\\/prigo.mx\\\/prigo-wip\\\/#website\"},\"datePublished\":\"2026-03-02T06:24:19+00:00\",\"dateModified\":\"2026-03-02T06:24:20+00:00\",\"breadcrumb\":{\"@id\":\"https:\\\/\\\/prigo.mx\\\/prigo-wip\\\/acero-al-manganeso-12-14-astm-a128\\\/#breadcrumb\"},\"inLanguage\":\"es\",\"potentialAction\":[{\"@type\":\"ReadAction\",\"target\":[\"https:\\\/\\\/prigo.mx\\\/prigo-wip\\\/acero-al-manganeso-12-14-astm-a128\\\/\"]}]},{\"@type\":\"BreadcrumbList\",\"@id\":\"https:\\\/\\\/prigo.mx\\\/prigo-wip\\\/acero-al-manganeso-12-14-astm-a128\\\/#breadcrumb\",\"itemListElement\":[{\"@type\":\"ListItem\",\"position\":1,\"name\":\"Portada\",\"item\":\"https:\\\/\\\/prigo.mx\\\/prigo-wip\\\/\"},{\"@type\":\"ListItem\",\"position\":2,\"name\":\"Acero al Manganeso 12\\\/14% | ASTM-A128\"}]},{\"@type\":\"WebSite\",\"@id\":\"https:\\\/\\\/prigo.mx\\\/prigo-wip\\\/#website\",\"url\":\"https:\\\/\\\/prigo.mx\\\/prigo-wip\\\/\",\"name\":\"prigo.mx\",\"description\":\"Soluciones f\u00e1ciles para aplicaciones dif\u00edciles\",\"publisher\":{\"@id\":\"https:\\\/\\\/prigo.mx\\\/prigo-wip\\\/#organization\"},\"potentialAction\":[{\"@type\":\"SearchAction\",\"target\":{\"@type\":\"EntryPoint\",\"urlTemplate\":\"https:\\\/\\\/prigo.mx\\\/prigo-wip\\\/?s={search_term_string}\"},\"query-input\":{\"@type\":\"PropertyValueSpecification\",\"valueRequired\":true,\"valueName\":\"search_term_string\"}}],\"inLanguage\":\"es\"},{\"@type\":\"Organization\",\"@id\":\"https:\\\/\\\/prigo.mx\\\/prigo-wip\\\/#organization\",\"name\":\"Prigo Aceros Especiales S.A. de C.V.\",\"url\":\"https:\\\/\\\/prigo.mx\\\/prigo-wip\\\/\",\"logo\":{\"@type\":\"ImageObject\",\"inLanguage\":\"es\",\"@id\":\"https:\\\/\\\/prigo.mx\\\/prigo-wip\\\/#\\\/schema\\\/logo\\\/image\\\/\",\"url\":\"https:\\\/\\\/prigo.mx\\\/wp-content\\\/uploads\\\/2023\\\/02\\\/cropped-cropped-LOGO-PRIGO2-1-1-1.png\",\"contentUrl\":\"https:\\\/\\\/prigo.mx\\\/wp-content\\\/uploads\\\/2023\\\/02\\\/cropped-cropped-LOGO-PRIGO2-1-1-1.png\",\"width\":1794,\"height\":1795,\"caption\":\"Prigo Aceros Especiales S.A. de C.V.\"},\"image\":{\"@id\":\"https:\\\/\\\/prigo.mx\\\/prigo-wip\\\/#\\\/schema\\\/logo\\\/image\\\/\"},\"sameAs\":[\"https:\\\/\\\/www.facebook.com\\\/share\\\/1Ag2aeUQAx\\\/\",\"https:\\\/\\\/www.instagram.com\\\/prigoacerosespeciales?igsh=YnFtaGJ2cjRyNjN4\",\"https:\\\/\\\/www.linkedin.com\\\/company\\\/prigo-aceros-de-importacin\\\/?viewAsMember=true\"]}]}<\/script>\n<!-- \/ Yoast SEO plugin. -->","yoast_head_json":{"title":"Acero al Manganeso 12\/14% | ASTM-A128 - PRIGO ACEROS ESPECIALES S.A. de C.V.","robots":{"index":"index","follow":"follow","max-snippet":"max-snippet:-1","max-image-preview":"max-image-preview:large","max-video-preview":"max-video-preview:-1"},"canonical":"https:\/\/prigo.mx\/prigo-wip\/acero-al-manganeso-12-14-astm-a128\/","og_locale":"es_ES","og_type":"article","og_title":"Acero al Manganeso 12\/14% | ASTM-A128 - PRIGO ACEROS ESPECIALES S.A. de C.V.","og_description":"Especificaciones T\u00e9cnicas Acero al Manganeso 12\/14% Norma ASTM-A128 (Acero Hadfield) Descubra el rendimiento superior y la durabilidad extrema de este acero especial, l\u00edder indiscutible en aplicaciones industriales sometidas a condiciones de alto impacto y abrasi\u00f3n severa. Se distingue por su excepcional capacidad de endurecimiento por trabajo (work hardening). Bajo impactos o presi\u00f3n constante, la superficie [&hellip;]","og_url":"https:\/\/prigo.mx\/prigo-wip\/acero-al-manganeso-12-14-astm-a128\/","og_site_name":"PRIGO ACEROS ESPECIALES S.A. de C.V.","article_publisher":"https:\/\/www.facebook.com\/share\/1Ag2aeUQAx\/","article_modified_time":"2026-03-02T06:24:20+00:00","twitter_card":"summary_large_image","twitter_misc":{"Tiempo de lectura":"2 minutos"},"schema":{"@context":"https:\/\/schema.org","@graph":[{"@type":"WebPage","@id":"https:\/\/prigo.mx\/prigo-wip\/acero-al-manganeso-12-14-astm-a128\/","url":"https:\/\/prigo.mx\/prigo-wip\/acero-al-manganeso-12-14-astm-a128\/","name":"Acero al Manganeso 12\/14% | ASTM-A128 - PRIGO ACEROS ESPECIALES S.A. de C.V.","isPartOf":{"@id":"https:\/\/prigo.mx\/prigo-wip\/#website"},"datePublished":"2026-03-02T06:24:19+00:00","dateModified":"2026-03-02T06:24:20+00:00","breadcrumb":{"@id":"https:\/\/prigo.mx\/prigo-wip\/acero-al-manganeso-12-14-astm-a128\/#breadcrumb"},"inLanguage":"es","potentialAction":[{"@type":"ReadAction","target":["https:\/\/prigo.mx\/prigo-wip\/acero-al-manganeso-12-14-astm-a128\/"]}]},{"@type":"BreadcrumbList","@id":"https:\/\/prigo.mx\/prigo-wip\/acero-al-manganeso-12-14-astm-a128\/#breadcrumb","itemListElement":[{"@type":"ListItem","position":1,"name":"Portada","item":"https:\/\/prigo.mx\/prigo-wip\/"},{"@type":"ListItem","position":2,"name":"Acero al Manganeso 12\/14% | ASTM-A128"}]},{"@type":"WebSite","@id":"https:\/\/prigo.mx\/prigo-wip\/#website","url":"https:\/\/prigo.mx\/prigo-wip\/","name":"prigo.mx","description":"Soluciones f\u00e1ciles para aplicaciones dif\u00edciles","publisher":{"@id":"https:\/\/prigo.mx\/prigo-wip\/#organization"},"potentialAction":[{"@type":"SearchAction","target":{"@type":"EntryPoint","urlTemplate":"https:\/\/prigo.mx\/prigo-wip\/?s={search_term_string}"},"query-input":{"@type":"PropertyValueSpecification","valueRequired":true,"valueName":"search_term_string"}}],"inLanguage":"es"},{"@type":"Organization","@id":"https:\/\/prigo.mx\/prigo-wip\/#organization","name":"Prigo Aceros Especiales S.A. de C.V.","url":"https:\/\/prigo.mx\/prigo-wip\/","logo":{"@type":"ImageObject","inLanguage":"es","@id":"https:\/\/prigo.mx\/prigo-wip\/#\/schema\/logo\/image\/","url":"https:\/\/prigo.mx\/wp-content\/uploads\/2023\/02\/cropped-cropped-LOGO-PRIGO2-1-1-1.png","contentUrl":"https:\/\/prigo.mx\/wp-content\/uploads\/2023\/02\/cropped-cropped-LOGO-PRIGO2-1-1-1.png","width":1794,"height":1795,"caption":"Prigo Aceros Especiales S.A. de C.V."},"image":{"@id":"https:\/\/prigo.mx\/prigo-wip\/#\/schema\/logo\/image\/"},"sameAs":["https:\/\/www.facebook.com\/share\/1Ag2aeUQAx\/","https:\/\/www.instagram.com\/prigoacerosespeciales?igsh=YnFtaGJ2cjRyNjN4","https:\/\/www.linkedin.com\/company\/prigo-aceros-de-importacin\/?viewAsMember=true"]}]}},"uagb_featured_image_src":{"full":false,"thumbnail":false,"medium":false,"medium_large":false,"large":false,"1536x1536":false,"2048x2048":false},"uagb_author_info":{"display_name":"Prigo","author_link":"https:\/\/prigo.mx\/prigo-wip\/author\/prigo\/"},"uagb_comment_info":0,"uagb_excerpt":"Especificaciones T\u00e9cnicas Acero al Manganeso 12\/14% Norma ASTM-A128 (Acero Hadfield) Descubra el rendimiento superior y la durabilidad extrema de este acero especial, l\u00edder indiscutible en aplicaciones industriales sometidas a condiciones de alto impacto y abrasi\u00f3n severa. Se distingue por su excepcional capacidad de endurecimiento por trabajo (work hardening). Bajo impactos o presi\u00f3n constante, la superficie&hellip;","_links":{"self":[{"href":"https:\/\/prigo.mx\/prigo-wip\/wp-json\/wp\/v2\/pages\/1795","targetHints":{"allow":["GET"]}}],"collection":[{"href":"https:\/\/prigo.mx\/prigo-wip\/wp-json\/wp\/v2\/pages"}],"about":[{"href":"https:\/\/prigo.mx\/prigo-wip\/wp-json\/wp\/v2\/types\/page"}],"author":[{"embeddable":true,"href":"https:\/\/prigo.mx\/prigo-wip\/wp-json\/wp\/v2\/users\/2"}],"replies":[{"embeddable":true,"href":"https:\/\/prigo.mx\/prigo-wip\/wp-json\/wp\/v2\/comments?post=1795"}],"version-history":[{"count":1,"href":"https:\/\/prigo.mx\/prigo-wip\/wp-json\/wp\/v2\/pages\/1795\/revisions"}],"predecessor-version":[{"id":1796,"href":"https:\/\/prigo.mx\/prigo-wip\/wp-json\/wp\/v2\/pages\/1795\/revisions\/1796"}],"wp:attachment":[{"href":"https:\/\/prigo.mx\/prigo-wip\/wp-json\/wp\/v2\/media?parent=1795"}],"curies":[{"name":"wp","href":"https:\/\/api.w.org\/{rel}","templated":true}]}}